-19).
3, 53
Suppose 0 = -5*j - 5*r + 235, 3*j - 5*r - 149 = -0*j. List the prime factors of (1/2)/(2/j).
2, 3
Let w = 1 - 0. Let a be 3 + (0 - (-1 + w)). Suppose 34 = -0*x + 3*x + m, a*x - 36 = -3*m. What are the prime factors of x?
11
Suppose -m + 3*m = 30. Suppose -3*d + m = -0*d. What are the prime factors of d?
5
Let l(g) = -g**3 + 2*g**2 + 5*g - 3. Let w be l(3). Suppose 0*y - y = -w. List the prime factors of y.
3
List the prime factors of (-1)/4 + 183/12.
3, 5
Let u(q) = 3*q**2 - 6*q + 4. Let l be 84/12 + (0 - 3). What are the prime factors of u(l)?
2, 7
Suppose n = 5*n. Suppose 0 = 3*y + w - 94, -y + 0*y - 3*w + 26 = n. What are the prime factors of y?
2
Suppose -260 = -4*t + 76. List the prime factors of t.
2, 3, 7
Suppose -50 = -7*j + 2*j. Suppose j = 5*c + 4*k, -3*k + 3 = -3*c + 9. What are the prime factors of c?
2
Let y = 5 - 3. Let w be (17 - (4 - y)) + -3. Suppose -w = -4*m, -3*r = -0*m - 5*m - 30. What are the prime factors of r?
3, 5
Let u(r) = 21*r - 10. What are the prime factors of u(4)?
2, 37
Let f = -71 + 178. List the prime factors of f.
107
Let l = 33 + -5. What are the prime factors of l?
2, 7
Let o = -67 + 117. Suppose -7*u = -9*u + o. List the prime factors of u.
5
Suppose 9*r - 710 = 19. What are the prime factors of r?
3
Let v = -4 + 7. Suppose 1 - v = -g. Suppose 4*l - 5*l + g = 0. List the prime factors of l.
2
Suppose -2 + 23 = n - 4*m, m + 162 = 5*n. What are the prime factors of n?
3, 11
Let h(b) = 2*b**3 - 5*b**2 - 6*b - 15. Let d(g) = -g**3 + 3*g**2 + 3*g + 8. Let z(i) = -11*d(i) - 6*h(i). List the prime factors of z(-4).
2, 3
Suppose -16 = 2*p - 6*p. Suppose t = w, p - 24 = -5*w. List the prime factors of t.
2
Let a = -5 - -8. Suppose -3*j + 2*j - 12 = -4*n, -a = -n + j. Suppose 5*o - n*o - 12 = 0. List the prime factors of o.
2, 3
Suppose -896 = -9*l + 85. List the prime factors of l.
109
Suppose -5*l = -15, 2*k - 2*l - 188 + 20 = 0. What are the prime factors of k?
3, 29
Let u = 4 - 5. Let g(r) = 39*r**2. Let a be g(u). Let i = a - 25. List the prime factors of i.
2, 7
Let p = 54 + -40. List the prime factors of p.
2, 7
Suppose -5*q + 2*x = 30, 2*x + 3*x + 12 = -2*q. What are the prime factors of 4/3*q/(-4)?
2
Let u = 12 - 16. Let c(b) = 3*b**2 + 3*b - 6. List the prime factors of c(u).
2, 3, 5
Suppose 2*q - m = 2*m + 4, -2*q + 4 = -2*m. What are the prime factors of q?
2
Let n(d) = d**3 - 3*d + 1. Let p be n(2). Suppose 30 = 2*r - p*t, -r - 2*r - 5*t = -26. List the prime factors of r.
2, 3
Suppose -x + 0 = -1. Let p be 5*(0 + x) + -1. Suppose -r - 2 = -w - 14, r = 5*w + p. What are the prime factors of r?
2, 7
Suppose -6*f + 201 = -3*f. List the prime factors of f.
67
Let o = -31 - -38. List the prime factors of o.
7
Suppose -7*j + 3*j = -84. Let y = -15 + j. List the prime factors of y.
2, 3
Let j(s) = -s**3 - s**2 - 7. Let z be j(0). Let g(r) = r**3 - r**2 + r + 11. Let c be g(0). Let v = c + z. List the prime factors of v.
2
Let u be (-766)/(-8) - (-3)/12. Let m = u - 64. List the prime factors of m.
2
Let x(v) = v**2 - 2*v - 3. Let n be x(-2). Suppose n*r - 3*r = 14. List the prime factors of r.
7
Suppose -2*z - 2*i = 2*z - 18, 0 = z + 4*i - 1. Suppose -2*s = 3*s + z. List the prime factors of 1 + 1 + (-1 - s).
2
Let g(a) = a**3 - a**2 - a - 1. Let z(i) = -3*i**3 + 3*i**2 + 3*i + 14. Let o(h) = 2*g(h) + z(h). List the prime factors of o(0).
2, 3
Let b(y) = -y**2 - 6*y + 14. Let u(d) = -d - 1. Let f = 1 + -2. Let l(p) = f*u(p) - b(p). What are the prime factors of l(-9)?
5
Let y be -1 + 0 + 0 - -4. Let h be 1072/10 + y/(-15). Suppose -10 = g + k - 29, -5*g + h = k. What are the prime factors of g?
2, 11
Suppose 2*k + 2*k + 2*b + 14 = 0, 5*k + 5*b + 25 = 0. Suppose 0 = -2*j - 3*j + 60. What are the prime factors of (j/(-7))/(k/14)?
2, 3
Let u(k) = k + 2. Let t(n) = n + 1. Let h(c) = 4*t(c) - u(c). List the prime factors of h(8).
2, 13
Suppose 0 = -3*d + 3, -3*b = -d + 5*d - 22. Let n = b - -4. List the prime factors of n.
2, 5
Let z(r) = r - 8. Let o be z(6). What are the prime factors of (12/15)/(o/(-10))?
2
Let j(v) = -5*v - 15. What are the prime factors of j(-24)?
3, 5, 7
List the prime factors of 2 - (16/3)/(12/(-234)).
2, 53
Suppose 2*c - 88 = -a, 4*a + 68 = 4*c - 96. What are the prime factors of c?
43
Let b be 5 + -5 + 6 + 0. List the prime factors of (b/(-9))/((-2)/30).
2, 5
Suppose 4*m + 3*n - 3 = -2*n, 2*m = -2*n + 2. Let j(u) = 4*u**2 + u + 1. Let q be j(m). Suppose 0*z - q = -z. List the prime factors of z.
19
Let j = -7 + 5. Let s be 0 - (6/1)/j. Suppose -s*m + 10 = 2*m. What are the prime factors of m?
2
List the prime factors of 16/14*(-63)/(-18).
2
Let p = -31 - -60. List the prime factors of p.
29
What are the prime factors of 90/4*(-5 + 7)?
3, 5
Let y(g) = -5*g + 8. Let b(p) = -9*p + 17. Let a(i) = -3*b(i) + 7*y(i). Let z be a(-5). Suppose -z = -4*t - t. List the prime factors of t.
3
Let i(b) = b**2 - 7*b + 9. Let r be i(6). Let u be -15 + ((-6)/r)/(-2). List the prime factors of u/(-3) - 2/3.
2
What are the prime factors of (-4)/(-3)*48/4?
2
Suppose m + 2 = -2. Let f = m - -4. What are the prime factors of (10*1 + f)/2?
5
List the prime factors of (-176)/(-4)*(-3)/(-4).
3, 11
Suppose 5 = -2*k + 3*q, -k - 13 = -9*q + 4*q. Suppose -2*h = -h - 2*f - 28, -140 = -5*h - k*f. List the prime factors of h.
2, 7
Let g(n) = 3*n**2 - 5*n - 6. Let j(r) = -2*r**2 + 5*r + 6. Let o(l) = 3*g(l) + 4*j(l). Suppose 3*q = -11 - 7. List the prime factors of o(q).
2, 3
Let u = 5 - 3. Let a be (-2 - (6 - 3)) + u. List the prime factors of 6 + -2 + a - -16.
17
Let n(f) = -2*f**2 - 2*f + 10. Let t be n(6). Let g = 118 + t. List the prime factors of g.
2, 11
Let w(g) = g**2 - 3*g - 3. Let a be w(3). Let y = a + 6. List the prime factors of y.
3
Let x = -62 - -151. Suppose x = 4*l - 131. Suppose -21 - l = -4*g. What are the prime factors of g?
19
Let h(a) = 0*a - 7*a**2 + a + 4*a**2 + 17 + 2*a**2. What are the prime factors of h(0)?
17
Let t(y) = 21*y**2 - y - 3. What are the prime factors of t(-2)?
83
Let m = 81 + -49. List the prime factors of m.
2
Let t(h) = -247*h**3 - h - 1. What are the prime factors of t(-1)?
13, 19
Let x = 1 - -1. Suppose x*z + 2 = -12. List the prime factors of ((-21)/z)/((-2)/(-2)).
3
Suppose 0 = -5*q + 3*o + 18, 6*q - q - o - 16 = 0. Suppose q*d + 53 = f + 4*f, 3*f + d = 43. List the prime factors of f.
13
Let t(d) = -d + 4. Let w be t(0). What are the prime factors of ((-8)/6)/(w/(-6))?
2
Let q = 4 + 1. List the prime factors of q.
5
Let n(p) = 72*p**2 + 4*p + 3. List the prime factors of n(-1).
71
Let g(y) = y - 2. Let l be (8 - 6)*(-5)/(-2). Let n be g(l). What are the prime factors of (n/2)/(4/16)?
2, 3
Let z = 2 - 1. Suppose 0 = -x + 2 - 4. List the prime factors of 2 + z + x + 10.
11
Let u(m) = -m + 7. What are the prime factors of u(3)?
2
Let w(v) = 7*v + 5. List the prime factors of w(4).
3, 11
Let p = 30 - -2. What are the prime factors of p?
2
Suppose 12 = 4*l, 4*l - 9*l = -4*u + 9. List the prime factors of u.
2, 3
Let a be -2*1*2*-1. Let t(s) = 3*s - 2. Let l be t(2). Suppose 0 = -a*p + l*j + 24, -14 = -3*p + 4*j - 0. What are the prime factors of p?
2, 5
Let t = -93 - -137. What are the prime factors of t?
2, 11
Let u = -2 + 0. Let r = -1 + u. What are the prime factors of ((-28)/(-6))/((-2)/r)?
7
Let l(k) = -126*k - 24. What are the prime factors of l(-2)?
2, 3, 19
Let k = -53 + 91. Suppose 2 = m - 3*g - 0, -4*m - g = -34. What are the prime factors of k/8 + 2/m?
5
Let f be ((-3)/(6/20))/2. Let m(l) = -l**3 - 6*l**2 - 6*l - 2. List the prime factors of m(f).
3
Let t(c) = 18*c**3 + 3*c**2 - 3*c + 3. What are the prime factors of t(2)?
3, 17
Suppose 3*f + 138 = 4*v, 0*f + 6 = 3*f. What are the prime factors of v + (-3 - -5 - 5)?
3, 11
Suppose -10*o = -904 - 306. What are the prime factors of o?
11
Let a be -1 - -2 - (-2 - 0). Suppose -16 = -a*y + y. What are the prime factors of y?
2
Let h = 41 - 27. What are the prime factors of h?
2, 7
Let z(m) = -m + 4. Let w(o) = o**2 + 6*o - 7. Let p be w(-8). Let g = 5 - p. What are the prime factors of z(g)?
2
Let q be 0/((-2)/2 - 0). Suppose q*z + 4*z - 32 = 0. What are the prime factors of z?
2
List the prime factors of ((-15)/(-10) + 193/2)/1.
2, 7
Let o(d) = d**3 + 5*d**2 + 4*d + 5. Let w be o(-4). Let n = 5 - w. Let u 